f(-17)?
20
Let b(f) = -f**2 + 92*f + 2357. Calculate b(-21).
-16
Let j(y) = 76*y + 95. Determine j(-4).
-209
Let m(v) = 114*v + 2. Calculate m(1).
116
Let d(n) = 55*n - 13805. Determine d(251).
0
Let p(i) = -4*i**2 - 170*i - 140. Determine p(-44).
-404
Let t(q) = -q**3 + 16*q - 26. Calculate t(2).
-2
Let o(f) = -f**3 + 55*f**2 - 155*f - 179. Determine o(52).
-127
Let y(r) = 15*r**2 - 435*r - 20. Calculate y(29).
-20
Let b(g) = -4*g**3 - 371*g**2 + 93*g - 86. Calculate b(-93).
-86
Let n(f) = f**3 - 10*f**2 + 4*f - 101. Give n(11).
64
Let v(q) = q**3 - 23*q**2 + 125*q - 10. Determine v(9).
-19
Let x(u) = 2*u**2 + 7*u - 3. Determine x(-7).
46
Let y(r) = r**2 + 24*r + 116. Calculate y(-7).
-3
Let c(f) = -f**3 + 25*f**2 - 26*f - 69. Calculate c(24).
-117
Let o(t) = t**3 - 16*t**2 + 63*t - 40. What is o(10)?
-10
Let t(q) = 2*q**3 + 15*q**2 + 19*q + 24. Calculate t(-6).
18
Let x(s) = 36*s**2 - 6*s - 1. Give x(2).
131
Let h(d) = -d**3 + 13*d**2 - 35*d - 9. Give h(8).
31
Let m(d) = d**2 - 48*d - 1541. Calculate m(-22).
-1
Let w(c) = c**3 + 28*c**2 - 205*c - 19. Determine w(-34).
15
Let k(w) = -w**3 - 78*w**2 + 594*w - 95. Determine k(-85).
-10
Let k(z) = -46*z - 1044. Calculate k(-22).
-32
Let i(d) = d**2 - 4*d - 433. Determine i(-19).
4
Let x(v) = -30*v + 877. Determine x(29).
7
Let m(o) = -58*o - 6170. What is m(-107)?
36
Let u(s) = -8414*s - 193532. Give u(-23).
-10
Let u(r) = 2*r**2 + 131*r + 1808. Calculate u(-46).
14
Let k(m) = -33*m - 2363. Determine k(-74).
79
Let n(f) = f**3 + 34*f**2 + 286*f + 42. What is n(-19)?
23
Let b(q) = -q**3 + 89*q**2 - 278*q + 1727. What is b(86)?
7
Let c(v) = 6*v**2 + 59*v + 28. Determine c(-11).
105
Let r(f) = f**3 + 230*f**2 - 27178*f + 165. What is r(86)?
-7
Let p(t) = 759*t + 12153. Determine p(-16).
9
Let l(v) = -1798*v - 7185. Give l(-4).
7
Let s(g) = 78*g - 809. Determine s(10).
-29
Let n(t) = t**3 + 16*t**2 + 32*t + 31. Give n(-14).
-25
Let z(p) = 81*p - 10437. What is z(129)?
12
Let p(m) = -m**3 - 29*m**2 - 135*m - 881. Determine p(-25).
-6
Let d(p) = 22211*p - 111058. What is d(5)?
-3
Let n(o) = -250*o - 1528. Determine n(-6).
-28
Let h(l) = 2287*l + 27452. What is h(-12)?
8
Let u(z) = 2*z**3 + 31*z**2 - 29*z - 127. Calculate u(-16).
81
Let u(r) = -37*r + 1906. Give u(52).
-18
Let b(p) = 149*p - 4332. Calculate b(29).
-11
Let r(h) = -h**2 + 11*h + 56. What is r(15)?
-4
Let u(v) = 7*v**2 + 131*v + 107. Determine u(-20).
287
Let i(v) = 2*v**3 + 24*v**2 + 10*v - 37. What is i(-11)?
95
Let g(r) = r**2 + 176*r + 3086. What is g(-156)?
-34
Let i(r) = r**3 + 37*r**2 + 320*r - 48. Determine i(-23).
-2
Let l(b) = -5*b**2 + 32*b + 32. What is l(-1)?
-5
Let x(c) = c**3 + 16*c**2 + 31*c - 78. What is x(-13)?
26
Let p(g) = -11*g**3 + 5*g**2 + 3*g - 2. Give p(-1).
11
Let n(o) = 288*o - 155. Calculate n(3).
709
Let w(v) = v**2 - 43*v + 215. What is w(7)?
-37
Let w(s) = -2*s**2 - 191*s - 2684. What is w(-17)?
-15
Let a(f) = -2*f**3 + 166*f**2 + 150*f + 1531. Calculate a(84).
19
Let l(o) = o**2 - 28*o + 133. Determine l(5).
18
Let k(f) = f**2 - 13*f - 409. What is k(-13)?
-71
Let a(h) = -h**3 - 16*h**2 - 9*h - 16. Calculate a(-13).
-406
Let i(t) = 5*t**2 + 71*t + 23. What is i(-14)?
9
Let n(i) = -i**2 + 19*i - 86. Calculate n(13).
-8
Let a(f) = -212*f + 842. Give a(4).
-6
Let q(y) = y**2 - 290*y + 7. Determine q(0).
7
Let q(s) = -s**3 + 22*s**2 + 2*s + 68. Determine q(22).
112
Let o(t) = -t**3 - 150*t**2 - 148*t + 152. Calculate o(-149).
3
Let z(u) = 79*u + 671. Calculate z(-8).
39
Let p(m) = -m**3 + 12*m**2 + 3*m - 9. Calculate p(12).
27
Let r(s) = 12*s - 974. Give r(89).
94
Let j(v) = -3*v**3 + 3*v**2 + v - 82. Give j(-5).
363
Let x(o) = o**3 + 17*o**2 + 7*o - 135. Calculate x(-16).
9
Let o(x) = -716*x + 14309. Determine o(20).
-11
Let k(q) = -q**3 + 28*q**2 - 42*q + 42. Calculate k(27).
-363
Let u(b) = -3*b**2 + 47*b + 324. Calculate u(-9).
-342
Let b(u) = -797*u - 5587. Give b(-7).
-8
Let r(w) = -2427*w + 16943. What is r(7)?
-46
Let w(b) = -b**3 + 29*b**2 + 96*b - 21. What is w(32)?
-21
Let c(j) = -j**3 - 2*j**2 + 10*j + 19. Give c(-4).
11
Let s(a) = a**3 - 29*a**2 - 34*a + 118. Calculate s(30).
-2
Let c(x) = -3*x**2 + 21*x - 71. What is c(12)?
-251
Let s(i) = 5*i**2 - 98*i - 98. Give s(21).
49
Let c(k) = -91*k + 1137. Give c(13).
-46
Let f(q) = -26*q**2 - 91*q + 3. Determine f(-5).
-192
Let j(g) = 8*g**2 + 45*g + 214. Give j(-7).
291
Let p(t) = t**3 - 9*t**2 - 11*t + 98. Calculate p(6).
-76
Let p(j) = 20*j**3 + 10*j**2 - 8*j - 13. What is p(2)?
171
Let d(b) = b**3 - 39*b**2 + 205*b - 10. Determine d(6).
32
Let q(d) = -165*d - 851. What is q(-8)?
469
Let l(o) = 180*o - 11872. Determine l(66).
8
Let m(a) = a**3 + 12*a**2 - 7*a - 65. What is m(-12)?
19
Let v(d) = d**2 + 497*d - 8200. Calculate v(16).
8
Let f(d) = 36*d + 1507. Determine f(-42).
-5
Let h(c) = 4*c**2 - 50*c + 160. Calculate h(6).
4
Let u(y) = y**3 + 2*y**2 + 4*y + 219. Calculate u(0).
219
Let f(a) = a**3 - 13*a**2 + 34*a - 33. Determine f(8).
-81
Let k(d) = -d**3 + 9*d**2 - 15*d + 333. Give k(10).
83
Let l(i) = -i**3 - 23*i**2 + 21*i - 69. What is l(-24)?
3
Let l(r) = 21*r**2 - 158*r - 14. What is l(10)?
506
Let j(h) = 278*h + 195. Calculate j(-1).
-83
Let n(d) = -115*d**2 - 812*d - 6. Give n(-7).
43
Let f(k) = 7*k - 755. What is f(-76)?
-1287
Let k(g) = 36*g + 291. Give k(-10).
-69
Let k(a) = -15*a**2 - 5635*a + 1900. What is k(-376)?
20
Let b(p) = -14*p - 418. Determine b(-29).
-12
Let w(n) = -2*n**3 - 120*n**2 + 137*n + 912. Determine w(-61).
-3
Let d(t) = 5515*t + 27596. What is d(-5)?
21
Let o(n) = -2*n**2 + 129*n - 709. What is o(6)?
-7
Let h(g) = 252*g - 1011. Give h(4).
-3
Let n(w) = 21*w**2 - 126*w - 19. Give n(6).
-19
Let c(s) = -12*s - 188. Give c(-20).
52
Let i(l) = -l**3 - 24*l**2 + 74*l + 591. Determine i(-26).
19
Let z(u) = u**2 - 10*u - 206. Determine z(-10).
-6
Let w(f) = -f**3 - 98*f**2 - 93*f + 426. Calculate w(-97).
38
Let m(l) = -l**2 - 23*l - 60. Calculate m(-17).
42
Let g(z) = z**3 - 70*z**2 + 96*z - 1871. Give g(69).
-8
Let b(l) = -l**2 + 10*l - 7. Determine b(7).
14
Let b(v) = 116*v + 94. Give b(-1).
-22
Let k(c) = 2*c**3 + 18*c**2 + 5*c - 71. Determine k(-8).
17
Let m(j) = -130*j + 1566. Calculate m(12).
6
Let p(k) = k**3 + 2*k**2 - 16*k + 8. Calculate p(2).
-8
Let l(v) = -38*v + 60. Calculate l(8).
-244
Let b(j) = -j**3 - 16*j**2 + 12*j - 54. Determine b(-17).
31
Let o(z) = z**3 + 16*z**2 - 31*z - 486. Give o(-16).
10
Let x(h) = -3778*h + 15109. Give x(4).
-3
Let t(v) = -v**2 - 29*v + 2. Determine t(-29).
2
Let x(r) = -39*r**3 - 2*r**2 + 5*r + 8. What is x(-1)?
40
Let n(f) = 2*f**3 + 4*f**2 - 14*f + 203. What is n(-6)?
-1
Let g(p) = -p**2 - 9425*p + 122690. Calculate g(13).
-4
Let z(a) = 1060*a - 981. What is z(1)?
79
Let r(z) = -684*z - 1067. What is r(-2)?
301
Let m(t) = -12*t - 1243. Determine m(-59).
-535
Let h(u) = -u**3 + 166*u**2 + 2296*u + 5547. What is h(179)?
-2
Let t(g) = -g**3 + 21*g**2 + 51*g - 128. Calculate t(23).
-13
Let i(h) = h**2 + 47*h + 98. Calculate i(-48).
146
Let f(d) = -179*d + 908. What is f(5)?
13
Let x(y) = -10*y**2 + 33*y + 304. What is x(7)?
45
Let n(j) = -180*j + 1037. Determine n(6).
-43
Let f(v) = -41*v**3 - 7*v**2 - 12*v - 2. Determine f(-2).
322
Let n(t) = 2*t**2 + 33*t + 104. Calculate n(-4).
4
Let n(i) = 1059*i - 6356. Determine n(6).
-2
Let z(h) = -8*h**3 + 292*h**2 + 156*h - 308. Give z(37).
-12
Let c(o) = -664*o**2 - 15*o - 13. What is c(0)?
-13
Let h(d) = -d**3 - 24*d**2 - 125*d + 107. Determine h(-9).
17
Let x(c) = -c**3 + 27*c**2 + 35*c - 60. Calculate x(28).
136
Let d(f) = -f**3 - 324*f**2 - 987*f - 77. Calculate d(-3).
-5
Let n(i) = -i**3 + 7*i + 23. What is n(0)?
23
Let m(c) = -7*c**2 - 83*c - 132. Give m(-2).
6
Let v(j) = 8*j**3 + 4*j**2 + 14*j + 13. What is v(-2)?
-63
Let f(i) = 35*i**2 - 735*i + 5. Give f(21).
5
Let m(j) = -j**3 - 97*j**2 - 198*j - 797. Calculate m(-95).
-37
Let j(f) = -f**2 - 27*f - 12. Determine j(-27).
-12
Let m(o) = o**3 + 4*o**2 - 110*o - 443. Give m(-4).
-3
Let x(a) = -7*a**3 - 4*a**2 + 7*a + 3. Calculate x(-2).
29
Let x(f) = 24*f - 680. Give x(29).
16
Let t(h) = -3806*h + 22869. What is t(6)?
33
Let r(l) = 3*l**3 - 9*l**2 + 14*l + 2. Give r(-3).
-202
Let v(n) = -64*n - 3. Calculate v(-2).
125
Let u(x) = -x**2 - 51*x + 808. Calculate u(13).
-24
Let d(l) 